0*u + 25 = 5*u, 2*n - 33 = -5*u. Let h = -1 - n. Calculate the remainder when 10 is divided by (-10)/h*(-3)/(-1).
4
Let z(j) = j**3 + j**2 + j + 47. What is the remainder when z(0) is divided by 25?
22
Let p be 50/15*12/10. Suppose -3*u + 10 - p = 0. Suppose -35 = -5*b - 5*r, 8 = u*b - 3*b - 4*r. What is the remainder when 35 is divided by b?
11
Suppose 4*g = 3*g + 11. Let n(u) = -u - 2. Let w be n(-4). Suppose 58 = w*r - 4*a, -4*a - a = 20. What is the remainder when r is divided by g?
10
Let m = -1 + 17. Suppose 0 = -f - 0*f + m. What is the remainder when 31 is divided by f?
15
Let c = -25 + 60. Let a(i) = -6*i - 12. Calculate the remainder when c is divided by a(-5).
17
Suppose 0*d - 3*d - 12 = 0. What is the remainder when 33 is divided by -30*(0 - d/(-10))?
9
Suppose -2 = 2*j - 4*o, -5*j - 2*o = 16 + 13. Calculate the remainder when (-2)/5 + (-262)/j is divided by 18.
16
Suppose -145 = -3*s - a, -67 = -s - 0*s - 5*a. Suppose -5*u - c + s = c, -2*u - 3*c + 10 = 0. What is the remainder when 21 is divided by u?
10
Suppose -20 = -x + 2*s, -5*x - 3*s = -19 - 29. Suppose 4*t - 5*k = x, 0 = 5*t - 2*k - 17 + 2. What is the remainder when 5 is divided by t?
2
Let c(s) = s**3 + 6*s**2 - 4*s - 7. Suppose -7*q - 194 = -530. What is the remainder when q is divided by c(-6)?
14
Suppose -q + 15 + 0 = 0. Calculate the remainder when 26 is divided by q.
11
Let y(p) = p**3 - 6*p**2 + 2*p - 8. What is the remainder when 10 is divided by y(6)?
2
Let l(f) = 6*f - 4. Let x(a) = -a**2 + a + 17. Calculate the remainder when l(9) is divided by x(0).
16
Let p = 37 + -24. Let x(n) = 7*n + 4. Let z be x(4). Suppose 4*f = -o + 46, 5*f + 110 = 4*o - z. Calculate the remainder when o is divided by p.
12
Suppose 2*t + 0 = -x + 6, 4 = 3*t + 4*x. Let p = -50 - -78. Suppose -f + p = -5*l, 2*f + 0*l - 21 = 3*l. What is the remainder when t is divided by f?
1
Suppose 5*l = m + 43, 25 = 5*l - 2*m + 7*m. What is the remainder when l is divided by 2?
0
Let p(o) = o**2 + 5*o + 18. What is the remainder when 213 is divided by p(-9)?
51
Let t(i) be the second derivative of -i**4/12 + 4*i**3/3 + 5*i**2/2 - 2*i. Calculate the remainder when (23/(-2))/((-5)/20) is divided by t(7).
10
Let o be 5 + 0/((-3)/3). Suppose 3*f + 4*u - 37 = 0, 0*f + o*u = -3*f + 38. Calculate the remainder when f is divided by 4.
3
Let h = -215 + 314. Let m = -70 + h. Calculate the remainder when m is divided by 15.
14
Let s be 4 - (0 - 2)*1. Suppose 10 = -s*m + m. Calculate the remainder when 16 is divided by -4*((-7)/2 - m).
4
Let v be 2/4 - (-15)/6. Suppose c + v = 20. What is the remainder when 66 is divided by c?
15
Suppose 0*b + b - 3*r = -10, -4*r - 20 = 0. Let t = b + 11. Let z = t + 20. What is the remainder when 15 is divided by z?
3
Suppose 100 = 4*t - 0*t. Calculate the remainder when t is divided by 4.
1
Let o be (-11823)/14 - (-2)/4. Calculate the remainder when 75 is divided by 4/(-22) + o/(-44).
18
Suppose -893 - 232 = -15*f. Let z(x) = -5*x + 4. Calculate the remainder when f is divided by z(-3).
18
Let a be ((-2)/(-6))/((-4)/(-60)). Let j = 5 + a. Calculate the remainder when 18 is divided by j.
8
Let t(p) = 2*p + 25. Let b(c) = -3*c - 49. Let j(f) = -3*b(f) - 5*t(f). What is the remainder when 58 is divided by j(7)?
13
Let a = -5 + 10. Suppose -s = -4, s = -0*u + 4*u + 64. Let g = 29 + u. What is the remainder when g is divided by a?
4
Suppose -t - 61 = -5*c + 3*c, 0 = -2*c + 4*t + 58. What is the remainder when 88 is divided by c?
26
Suppose 71*o - 70*o = 61. Calculate the remainder when o is divided by 32.
29
Let f(z) = 3*z + 10*z**2 - 10 - 7*z - 2*z**2 - z**3. Suppose 0 = 5*c - 5*y - 50, 4 = -y + 1. What is the remainder when f(c) is divided by 4?
3
Let c(n) = n**3 - 9*n**2 + 11*n - 2. Let y be c(8). Let q = y + -8. What is the remainder when 25 is divided by q?
11
What is the remainder when 95 is divided by 48*((-3)/(-9))/1?
15
Suppose 133 = 6*a - 227. Suppose -5*k = -10*k + a. What is the remainder when 47 is divided by k?
11
Let x = -3 + 30. What is the remainder when x is divided by 7?
6
Suppose 4*p - 58 = 2. What is the remainder when 29 is divided by p?
14
Let b = 57 + -14. What is the remainder when b is divided by 11?
10
Suppose -5*t - w = -23, 0 = -3*t + 2*w + 3*w + 25. Suppose -2*u - 1 = -5*l - 9, 0 = t*u - l - 20. What is the remainder when 10 is divided by u?
2
Let k be -1*(1 + -16)/3. Suppose 0 = -0*j - k*j. Suppose -2 = -j*p - p + 4*v, 0 = 2*p + v - 4. What is the remainder when 4 is divided by p?
0
Let c(s) = 7*s + 1. Calculate the remainder when c(6) is divided by (-30)/(-1)*1/2.
13
Let p = 12 + -6. Let o be 1/(0 - (-3)/(-60)). Let h = o + 37. Calculate the remainder when h is divided by p.
5
Let m = -9 - -7. Let f(g) = -11*g + 1. Calculate the remainder when 45 is divided by f(m).
22
Let v(s) = -s**2 - 6*s + 5. Let i be v(-6). Suppose 15 = 2*p - i*k, -4 = -p + 3*k + 4. Calculate the remainder when 18 is divided by p.
3
Let u = -73 + 88. What is the remainder when u is divided by 5?
0
Let l(n) = -n + 3. Let c be l(-4). Suppose -2*u + c + 41 = 0. What is the remainder when u is divided by 9?
6
Let r(g) = 2*g**2 - 4*g + 1. Let s be r(-3). Suppose -5*x + s = 4*u, -4*u = x + 1 - 4. Calculate the remainder when 11 is divided by x.
4
Let a = -53 - -32. Let b = -14 - a. Suppose -u + 18 + b = 0. What is the remainder when u is divided by 9?
7
Let r(q) = 19*q - 11. What is the remainder when r(2) is divided by 10?
7
Let k = 92 - 43. Let f(z) = -2*z - 4*z + 4*z + 2 + z**2. Calculate the remainder when k is divided by f(5).
15
Let z = 20 + -4. What is the remainder when 45 is divided by z?
13
Suppose 3 = 2*f - 7. Suppose -5*p + 6 = -2*u, -f*p + 2 + 2 = -3*u. Suppose 0*l + u*l + 26 = 3*k, 4*k = 2*l + 36. What is the remainder when 29 is divided by k?
9
Let a = 156 - 144. What is the remainder when 36 is divided by a?
0
Suppose 3*r = r + 3*m + 53, 0 = r + 3*m - 13. Suppose q = -q + r. Let c = 1 + q. Calculate the remainder when 34 is divided by c.
10
Let w(p) = p**2 - 4. Calculate the remainder when 63 is divided by w(-6).
31
Let c = 42 - 25. Let z = -26 + c. Calculate the remainder when (-3)/2*30/z is divided by 3.
2
Suppose 9*d + 3*k - 259 = 4*d, k = -3*d + 153. What is the remainder when d is divided by 13?
11
Suppose 0 = -5*h - 4*x + 75 + 10, 4*x + 20 = 0. Calculate the remainder when 40 is divided by h.
19
Let v(x) = -2*x + 30. Suppose -2 = -4*n + 4*u + 10, n - 5 = 3*u. Calculate the remainder when v(14) is divided by n.
0
What is the remainder when 0 + 39 + (-34)/17 is divided by 10?
7
Suppose 5*z - 4*q - 64 = 0, 3*z - 33 = -5*q - 2. Calculate the remainder when 19 is divided by z.
7
Let z(k) = -16*k + 7. What is the remainder when z(-4) is divided by 19?
14
Let w(h) = h**2 - 3*h - 6. Let o be w(5). Suppose -3*q + 3*j = q - 52, o*j = -5*q + 34. What is the remainder when 37 is divided by q?
7
Suppose -4*k + 2*q = 15 - 41, -4*k + 33 = 5*q. Let p(s) = -s**3 + 6*s**2 + 8*s + 1. What is the remainder when (1 + 0)*(23 + -1) is divided by p(k)?
6
Let z(w) = 3*w - 4. Let b(a) = 15*a - 21. Let x(m) = -2*b(m) + 11*z(m). What is the remainder when 29 is divided by x(6)?
13
What is the remainder when 33/2 + 3 - 3/(-6) is divided by 8?
4
Let i be (4/(-2))/((-2)/(-17)). Let z = i - -27. Let g(t) = t**2 + 4*t - 8. Calculate the remainder when z is divided by g(-6).
2
Let v = 1 + -3. Let t = v + 0. What is the remainder when (t - 0)/(1/(-8)) is divided by 6?
4
Let y = 8 - -1. Let p(m) = -13*m - 2. What is the remainder when p(-2) is divided by y?
6
Let k = 16 + -5. What is the remainder when k is divided by 6?
5
Let v(j) be the second derivative of -j**3/3 - j**2/2 - j. Let y be v(-3). Calculate the remainder when 2/(-5)*-4*y is divided by 3.
2
Let q = -289 + 442. Calculate the remainder when q is divided by 22.
21
Suppose 5 + 1 = -2*k. Let l = 0 - k. What is the remainder when 11 is divided by l?
2
Let t(k) = 3*k**2 - 7*k - 2. Let d(m) = -2*m**2 + 7*m + 1. Let y(w) = -4*d(w) - 3*t(w). Calculate the remainder when y(-7) is divided by 2.
0
Suppose -78 = -2*o - o. Calculate the remainder when o is divided by 7.
5
Let i(p) = -3*p - 11. Calculate the remainder when i(-8) is divided by (2/(-4))/(1/(-14)).
6
Let d(l) be the second derivative of 31*l**5/20 + l**4/6 - l**2/2 - l. Let i = -8 - 